?
2
What is the remainder when 1284591 is divided by 251?
224
Calculate the remainder when 14182388 is divided by 27014.
38
What is the remainder when 2098076 is divided by 550?
376
Calculate the remainder when 19873526 is divided by 4819.
4789
Calculate the remainder when 1624532 is divided by 529.
502
Calculate the remainder when 970674 is divided by 376.
218
What is the remainder when 1969237 is divided by 48?
37
Calculate the remainder when 207950 is divided by 12232.
6
What is the remainder when 8566965 is divided by 30379?
87
Calculate the remainder when 59897276 is divided by 11979450.
26
Calculate the remainder when 11708638 is divided by 120.
118
Calculate the remainder when 56692 is divided by 28244.
204
What is the remainder when 9576032 is divided by 4178?
56
Calculate the remainder when 773079 is divided by 763.
160
Calculate the remainder when 1645666 is divided by 394.
322
Calculate the remainder when 53068381 is divided by 1246.
1241
What is the remainder when 1814919 is divided by 1283?
757
What is the remainder when 1994611 is divided by 182?
73
What is the remainder when 15356941 is divided by 5118979?
4
What is the remainder when 261761 is divided by 6544?
1
Calculate the remainder when 117784 is divided by 3268.
136
Calculate the remainder when 912344 is divided by 7540.
4
Calculate the remainder when 976267 is divided by 195227.
132
What is the remainder when 1250598 is divided by 69466?
210
Calculate the remainder when 2006663 is divided by 12700.
63
What is the remainder when 96990300 is divided by 3?
0
What is the remainder when 385904168 is divided by 4827?
4826
Calculate the remainder when 20047323 is divided by 2420.
43
What is the remainder when 877638 is divided by 15397?
9
What is the remainder when 10375253 is divided by 490?
483
What is the remainder when 2290873 is divided by 763609?
46
Calculate the remainder when 76457671 is divided by 49.
31
Calculate the remainder when 335154881 is divided by 822.
821
What is the remainder when 2128511 is divided by 265998?
527
What is the remainder when 82841 is divided by 19581?
4517
What is the remainder when 4004258 is divided by 1039?
991
What is the remainder when 457795 is divided by 39?
13
Calculate the remainder when 224571 is divided by 232.
227
What is the remainder when 1840853 is divided by 147?
119
Calculate the remainder when 349898786 is divided by 174949390.
6
Calculate the remainder when 45543 is divided by 1674.
345
What is the remainder when 24350358 is divided by 6087587?
10
What is the remainder when 51310 is divided by 397?
97
What is the remainder when 2948 is divided by 1039?
870
What is the remainder when 12056 is divided by 2531?
1932
Calculate the remainder when 6707459 is divided by 116.
107
What is the remainder when 6502426 is divided by 2167375?
301
What is the remainder when 55739643 is divided by 55?
3
What is the remainder when 72231 is divided by 386?
49
What is the remainder when 865057 is divided by 143190?
5917
Calculate the remainder when 8674417 is divided by 543.
535
Calculate the remainder when 3440221 is divided by 113.
49
Calculate the remainder when 26852931 is divided by 1216.
3
Calculate the remainder when 2176822 is divided by 94632.
286
Calculate the remainder when 6570629 is divided by 4036.
21
What is the remainder when 654245 is divided by 59476?
9
What is the remainder when 180697 is divided by 20019?
526
Calculate the remainder when 1619883 is divided by 4143.
4113
Calculate the remainder when 107783 is divided by 1895.
1663
What is the remainder when 46882008 is divided by 15627334?
6
What is the remainder when 3083190 is divided by 171287?
24
Calculate the remainder when 19453491 is divided by 874.
873
Calculate the remainder when 832755 is divided by 832724.
31
Calculate the remainder when 36217 is divided by 197.
166
What is the remainder when 1649168 is divided by 117?
53
Calculate the remainder when 15810045 is divided by 1128.
1125
Calculate the remainder when 25051124 is divided by 125.
124
What is the remainder when 293175 is divided by 1330?
575
Calculate the remainder when 403337 is divided by 2292.
2237
What is the remainder when 27665 is divided by 13795?
75
Calculate the remainder when 17656500 is divided by 1358192.
4
Calculate the remainder when 5973636 is divided by 1891.
1858
Calculate the remainder when 285482599 is divided by 22.
17
What is the remainder when 447303 is divided by 1481?
41
Calculate the remainder when 1705632 is divided by 2343.
2271
Calculate the remainder when 2317388 is divided by 792.
788
What is the remainder when 132014 is divided by 32991?
50
What is the remainder when 462471 is divided by 462002?
469
Calculate the remainder when 18217286 is divided by 105.
101
Calculate the remainder when 221809 is divided by 24590.
499
What is the remainder when 3417344 is divided by 17986?
4
What is the remainder when 7771579 is divided by 2590336?
571
What is the remainder when 565444 is divided by 12851?
0
Calculate the remainder when 121111 is divided by 39935.
1306
What is the remainder when 207599111 is divided by 18496?
7
What is the remainder when 1782 is divided by 497?
291
Calculate the remainder when 5018696 is divided by 218203.
27
Calculate the remainder when 268728 is divided by 89574.
6
Calculate the remainder when 5946572 is divided by 25.
22
What is the remainder when 26674 is divided by 728?
466
Calculate the remainder when 56621517 is divided by 60.
57
What is the remainder when 141767 is divided by 1005?
62
What is the remainder when 9839850 is divided by 178?
10
Calculate the remainder when 328079 is divided by 50.
29
Calculate the remainder when 102830435 is divided by 426.
425
What is the remainder when 1122 is divided by 18?
6
Calculate the remainder when 324028 is divided by 57.
40
Calculate the remainder when 97770 is divided by 1040.
10
What is the remainder when 67589731 is divided by 2816238?
19
What is the remainder when 17321968 is divided by 230?
208
What is the remainder when 199606 is divided by 1919?
30
What is the remainder when 46887 is divided by 670?
657
What is the remainder when 122499 is divided by 40773?
180
Calculate the remainder when 14080448 is divided by 996.
992
What is the remainder when 3655723 is divided by 922?
915
Calculate the remainder when 53936085 is divided by 3694.
3685
Calculate the remainder when 20267699 is divided by 675589.
29
Calculate the remainder when 300448 is divided by 299556.
892
Calculate the remainder when 54305135 is divided by 894.
893
Calculate the remainder when 15247579 is divided by 792.
787
What is the remainder when 35988897 is divided by 23415?
42
What is the remainder when 30523379 is divided by 1606493?
12
What is the remainder when 5049631 is divided by 47638?
3
Calculate the remainder when 982475 is divided by 337.
120
What is the remainder when 165282214 is divided by 83?
81
What is the remainder when 4394973718 is divided by 120?
118
Calculate the remainder when 41700 is divided by 3189.
243
What is the remainder when 347248 is divided by 4236?
4132
Calculate the remainder when 3325347 is divided by 247.
233
What is the remainder when 43140 is divided by 9871?
3656
What is the remainder when 10530656 is divided by 28?
24
What is the remainder when 47983218 is divided by 19?
10
What is the remainder when 475543 is divided by 4572?
55
What is the remainder when 70581 is divided by 10757?
6039
Calculate the remainder when 2789054 is divided by 464837.
32
Calculate the remainder when 229424 is divided by 4590.
4514
Calculate the remainder when 74207 is divided by 14706.
677
What is the remainder when 140995 is divided by 14096?
35
What is the remainder when 13249 is divided by 6495?
259
Calculate the remainder when 1090586906 is divided by 35.
31
Calculate the remainder when 176548 is divided by 2701.
983
What is the remainder when 17070517 is divided by 379?
357
Calculate the remainder when 7685144 is divided by 2631.
2624
What is the remainder when 6420109 is divided by 2684?
2665
Calculate the remainder when 227428935 is divided by 37904820.
15
Calculate the remainder when 8276139 is divided by 67.
31
Calculate the remainder when 1737429 is divided by 579141.
6
Calculate the remainder when 73813915 